lculate the remainder when 578 is divided by o.
27
Let a be (-10 + 14)*2/(-8)*-45. Let y = a + -40. Calculate the remainder when 17 is divided by y.
2
Let p be 9/(-15) - 1353/(-55). Let x = p - -30. Calculate the remainder when x is divided by 8.
6
Suppose 3*g + 51 = -4*h, h - g + 6 = -12. Let p be (612/30)/((-3)/h). Let o = p - 44. What is the remainder when o is divided by 20?
18
Let w(a) = 9*a + 2. Let s be w(-1). Let d be ((-1)/(-1))/(s/(-49)). Suppose d*p - 10*p = -57. Calculate the remainder when p is divided by 7.
5
Suppose 3*o - 2*y - 2 - 5 = 0, 0 = -4*o - 5*y + 17. Suppose -o*g - 4*w = 76, w + w + 88 = -4*g. What is the remainder when 15 is divided by (-130)/(-14) + g/70?
6
Suppose -33 + 6 = -3*d. Let l = 16 + 9. Suppose -27*i = -l*i - 64. Calculate the remainder when i is divided by d.
5
Let m = -653 + 766. Let c(o) = -5*o - 7. Calculate the remainder when m is divided by c(-6).
21
Let b = -51 + 229. Let f = b + -123. Suppose 0 = 5*g - 22 - 48. Calculate the remainder when f is divided by g.
13
Let p = 5 + 0. Let k(y) = -y**3 + 12 - 20 + 6*y + 6 + 4*y**2. Calculate the remainder when 9 is divided by k(p).
0
Let k(i) = -4 - 4*i**2 + i**3 + i + 0*i**3 + 3. Let y = -63 - -67. What is the remainder when 6 is divided by k(y)?
0
Let f = 1136 + -1079. Suppose 8 + 37 = 3*w. Calculate the remainder when f is divided by w.
12
Let f(a) = 8*a + 6. Let h be f(-4). Let w = 56 + h. Suppose 0 = -2*k + 3*z + 10, 0*k - 2*z = -5*k + 47. What is the remainder when w is divided by k?
8
Let t(l) = -l**3 + l**2 + 10*l + 8. What is the remainder when t(-6) is divided by 67?
66
Suppose 3*o + 4*q - 92 = 4*o, 5*o + 3*q = -345. Let r = -42 - o. What is the remainder when 89 is divided by r?
29
Let b = 137 - 58. Calculate the remainder when b is divided by ((-5)/4)/((-5 - 18)/736).
39
Suppose -20*b = -15*b - 4*x - 289, -2*b = 3*x - 111. Suppose -5*c = -0*c - 105. What is the remainder when b is divided by c?
15
Let h(j) = 17*j. Suppose 0*t = t - 83. What is the remainder when t is divided by h(1)?
15
Let a = 16 + -15. Suppose 6*f + 9 - 21 = 0. What is the remainder when f is divided by a?
0
Let a = -2 + 5. Suppose 2*i - 4*i + 4*f = -52, 48 = 2*i - a*f. What is the remainder when 52 is divided by i?
16
Let a(q) = 4*q**3 - q**2 - q + 2. Let x be a(1). Suppose 0 = x*w - 3*w - 9. Let z(o) = o + 2. Calculate the remainder when w is divided by z(4).
3
Let p be 6/3 - (-11 - -4). Let b = p + 3. Calculate the remainder when ((-126)/(-12))/((-2)/(-4)) is divided by b.
9
Suppose -5 = -0*l + 3*l + u, -5*l + 5*u + 5 = 0. Let n be 1 - (-4 - -1 - l). What is the remainder when 27 is divided by 2 + (-24)/((-9)/n)?
7
Let p(g) = g**2 - 3*g + 89. What is the remainder when p(9) is divided by 36?
35
Let r = -227 + 245. What is the remainder when 141 is divided by r?
15
Let a(o) = o**2 + 12*o - 18. What is the remainder when a(-14) is divided by -2 + 2 + (0 - -2)?
0
Suppose 292 = 4*u + 3*r, 0 = -3*u - 3*r + 5*r + 185. Let f(j) = j**3 - 2*j**2 - 5*j + 5. What is the remainder when u is divided by f(4)?
16
Let j = 203 - 189. Calculate the remainder when 19 is divided by j.
5
Let k = 796 + -773. What is the remainder when 41 is divided by k?
18
Let s = -55 - -453. What is the remainder when s is divided by 80?
78
Let i(s) = s**3 + 6*s**2 + 3. Let d be i(-6). Let h(x) = 12*x - 2 - 7*x + 10*x + 6. Calculate the remainder when h(d) is divided by 26.
23
Let h = -70 + 130. Calculate the remainder when h is divided by 2.
0
Let z = 482 + -449. Calculate the remainder when 107 is divided by z.
8
Suppose -38 = -4*b + q, -1 - 3 = 2*q. Calculate the remainder when 233 is divided by b.
8
Suppose -200*u = 1759 - 4024 - 4335. Calculate the remainder when ((-64)/3)/((-2)/6) is divided by u.
31
Suppose 2*x + 0*x + 41 = b, 0 = -5*b + 2*x + 205. What is the remainder when 448 is divided by b?
38
Let a(f) = -8*f**2 - 29*f - 5. What is the remainder when 1649 is divided by a(-3)?
9
Let s(p) = p**2 + 10*p + 13. Let t be s(-9). Suppose -t*k = -8, u + 4*k = k + 20. What is the remainder when 40 is divided by u?
12
Let x be -3*(-1 - (3 - 3)). Suppose 67 = x*r - 65. What is the remainder when 42 is divided by 0 + 2/(8/r)?
9
Let a = -722 - -875. Calculate the remainder when a is divided by 31.
29
Let z = 229 + -206. What is the remainder when (-65)/10*6/(-1) is divided by z?
16
Let h(q) = q**3 - 23*q**2 + 24. Let x be h(23). Calculate the remainder when (-10)/(0 + 1/(-8)) is divided by (-7)/((-21)/(-9)) + x.
17
Let b = 22 + -17. Suppose b*w - 460 = -5*n, -2*n + 2*w + 184 = w. Let g = n + -56. What is the remainder when g is divided by 13?
10
Let z = 5632 + -5609. Suppose 4*j + 98 - 386 = -2*q, -4*q + 3*j = -521. Calculate the remainder when q is divided by z.
19
Let z = 754 + -627. What is the remainder when z is divided by 16?
15
Let x = 501 + -482. Calculate the remainder when 378 is divided by x.
17
Suppose 0*o - 5*o = -715. Suppose -13*m = -3*m - 180. What is the remainder when o is divided by m?
17
Let a = 533 + -418. Suppose 24 = 2*f - 2*g, -15 = f - 3*f - g. Calculate the remainder when a is divided by f.
7
Suppose -552 + 477 = -5*q. Suppose -133 + 423 = 5*k. What is the remainder when k is divided by q?
13
Let z(j) = j + 2. Suppose -5*q - 27 = -14*q. Suppose h + 33 = 2*k, k - q - 21 = 3*h. Calculate the remainder when k is divided by z(6).
7
Suppose -30 = -q - 5*n, q - 3*q = 4*n - 42. Calculate the remainder when 149 is divided by q.
14
Let p be 1/3*(-9)/3*0. Suppose -190 = -2*l - p*l - 4*m, -2*m = 2*l - 182. Calculate the remainder when l is divided by 30.
27
Let g be -1*(2/(-2) - 5). Let t = 5 + g. Suppose 376 = 28*u - 8*u + 74*u. What is the remainder when t is divided by u?
3
Let m = -106 - -148. Suppose 0 = -v + 3*y + 16, v - 2*y + 4 = 4*v. Calculate the remainder when m is divided by 90/4 + ((-38)/v)/19.
20
Suppose 4*f + 48 = 7*f. What is the remainder when 45 is divided by f?
13
Let j be -382*(-4 + (-21)/(-6)). Suppose 4*u - j = -63. Suppose 6*z - 11 = 5*z. What is the remainder when u is divided by z?
10
Let j(r) = -r**2 - 9*r - 10. Let s be j(-7). Suppose 5*u + s*b - 185 = -b, 0 = 4*u - 2*b - 172. What is the remainder when 121 is divided by u?
39
Let i(c) = -c**2 - 9*c + 15. Calculate the remainder when i(-8) is divided by 12.
11
Suppose -147*d = -146*d - 889. Calculate the remainder when d is divided by 27.
25
Let f(l) = 11*l - 12 - 14 + 11 - 5. Calculate the remainder when 137 is divided by f(5).
32
Let v be 6/(-8) + 726/8. Suppose 5*s - v = -0*s - 3*f, -5*s = 4*f - 85. Let j(n) = 2*n**2 - 17*n - 22. Calculate the remainder when s is divided by j(10).
5
Let u(j) = j**3 - 3*j**2 + j + 1. Let c(r) = -6*r - 15. Suppose 4*d + 6 = -2*l, -12 - 11 = 5*l + 2*d. What is the remainder when c(l) is divided by u(3)?
3
Let j(l) = -l - 9. Let n be j(-14). Suppose -n*c - 137 = -3*i, 0*c - 58 = 2*c + 2*i. Let r = 44 + c. Calculate the remainder when 46 is divided by r.
14
Let l(t) = t**2 + 2*t. Let x = 6 - 3. Let a be l(x). Calculate the remainder when ((-36)/a)/(8/(-20)) is divided by 3.
0
Let t = -2041 + 2568. Calculate the remainder when t is divided by 6.
5
Suppose 2*q = -2*s + 128, 310 = 5*s - 0*q - 5*q. Let l = 86 - s. Calculate the remainder when 113 is divided by l.
21
Let k be ((-32)/28)/(6/(-21)). Suppose -14 = -k*j + 22. What is the remainder when 34 is divided by j?
7
Let t(g) be the first derivative of g**4/4 + 2*g**3 + g**2 + g + 4. Calculate the remainder when t(-5) is divided by (2/6)/((1 - 2)/(-27)).
7
Suppose 5*w - 20 = 100. What is the remainder when 99 + 6/(-21)*(4 + 17) is divided by w?
21
Let x = 234 - 139. Suppose -4*s - 3*i = -x, -5*s - 4*i + 187 = 68. What is the remainder when 44 is divided by s?
21
Suppose -70 - 30 = -5*g. Let d = -28 - -42. Calculate the remainder when g is divided by d.
6
Let a(l) be the third derivative of 7*l**4/8 + l**3/3 - l**2 - 22*l. Calculate the remainder when a(7) is divided by 15.
14
Suppose l + 3*l = 0. Suppose -5*n + 2*x + 30 = l, 4*n - 2*x = -0*x + 24. Calculate the remainder when 22 is divided by (-15)/(-1) + n + -9.
10
Calculate the remainder when 350 is divided by (-2592)/(-28) + 10 + (-814)/77.
74
Let d(g) = 9*g + 3. Let t be d(7). What is the remainder when 5424/t + 4/(-22) is divided by 29?
24
Suppose -5*g + 317 - 72 = 0. Calculate the re